the hundreds digit of (102/18 + -5)*(-3 - -708)?
4
Suppose -6*z = -34 - 2. Suppose 34 = z*i - 38. What is the tens digit of i?
1
Suppose -22 - 40 = -2*m. Suppose -m = 4*z + 33. What is the units digit of -6 - z - (3 - 0)?
7
Suppose -2*j = -v + 28, 2*v - 5*j = -6*j + 31. What is the tens digit of ((-60)/v - -3)*(-236 - 1)?
7
Let t(u) = -119*u**2 - u**3 - 7*u - 2 + u + 112*u**2. What is the tens digit of t(-8)?
1
Suppose -l = h - 5*h - 17, -2*h - 13 = -l. Suppose 7*c - l*c - 32 = 0. What is the units digit of 2/1*(-184)/c?
3
Let b = -525 + 812. What is the hundreds digit of b?
2
Suppose 2 + 3 = q. Suppose -o + 30 = 3*g, q*o - 33 = 2*g + 83. What is the units digit of o/30*(-65)/(-2)?
6
Let t(s) = -54*s - 77. What is the units digit of t(-30)?
3
Let y = -119 - -266. Let g = 264 - y. What is the tens digit of g?
1
Let f = -61 - -64. Let b = 1 - 3. What is the units digit of f + (4 + b - -40)?
5
Let o(j) = j**2 + 5*j + 4. Let x be o(-5). Suppose 2*i = n - x + 2, 1 = i - n. What is the units digit of i*13/(-3) - -2?
5
What is the tens digit of ((-64)/(-20))/((-2)/(-480)) + -2?
6
What is the hundreds digit of 0 + 6 - (-521 + -4)?
5
Let u(w) = w**3 + 2*w**2 + 4*w + 2. Let v be u(4). Let t be v/8 + 2/(-8). Let q = t + -7. What is the units digit of q?
7
Let g be 310 - (-1)/(-1)*4. Suppose -v - 4*v + g = -4*d, 3*v - 4*d - 182 = 0. What is the tens digit of v?
6
Suppose -4*k + 9892 = -4*m, -2*k - 3*m + 1790 = -3156. What is the thousands digit of k?
2
Let m(h) = 4*h**3 - 2*h**2 + 2*h. Suppose -14 = z - 16. What is the units digit of m(z)?
8
Suppose -4*m + 0*m = -2*o - 14, 0 = 4*m + 3*o + 1. Suppose 4*g = 3*f + 2*g - 112, -3*f - m*g + 104 = 0. Suppose -18 = -v + f. What is the units digit of v?
4
Suppose -5*k = -4*k + 8. What is the tens digit of k/(-44) - (-2900)/22?
3
Let u(d) = 2*d**2 - 12*d + 9. Let h be u(6). Suppose -4*c = -c + h, 4*c + 15 = -a. What is the units digit of (-20)/5*a/2?
6
Suppose -6*j + 10299 + 2259 = 0. What is the tens digit of j?
9
Let t be (-4)/(-6)*6/(-4). Let h be (t/4)/1*-76. Suppose -h = 3*b - 49. What is the units digit of b?
0
Let x(v) = v**2 - 8*v + 4. Let q be -3*((-2)/(-3) - 3). Let l be x(q). What is the units digit of 1*l - (-72)/6?
9
Let j(a) = -8*a - 3*a**2 - a**2 - a**3 + 0*a**3 + 0 + 3. Suppose 0*i = 2*i + 8. What is the tens digit of j(i)?
3
Let q be 1 - -138 - (11 - 11). Suppose -5*x + q = -356. What is the units digit of x?
9
Let h(a) = -6*a**3 - 2*a**2 - 2*a - 1. Let o be h(-1). Suppose -586 = -o*d + 139. What is the hundreds digit of d?
1
Let l(d) = -3*d**3 - 8*d**2 - 10*d + 10. What is the tens digit of l(-4)?
1
Let q(u) = -6*u**3 + 4*u + 4. Let m be q(-3). What is the tens digit of (-1004)/(-6)*(-11)/(m/(-21))?
5
Suppose 5*m + 53 = 2*a, 0 = -a - 3*m - 0 - 1. Let k = a - 2. Suppose -3*h = w + h - k, 2*h = -2*w + 12. What is the units digit of w?
4
What is the thousands digit of (-6)/(-4)*(-43738)/(-57)?
1
Let d(y) be the first derivative of 3*y**2 - 1. Let m be d(-2). Let j = m + 16. What is the units digit of j?
4
What is the units digit of 6 - (80/(-10) + -739)?
3
Suppose 10*o + 60 = 15*o. Let v(c) = -9*c**2 - 12 - 2*c**2 - 5*c + 0*c**2 + c**3. What is the tens digit of v(o)?
7
Suppose -4*j - 6*b + 1378 = -8*b, -3*j - b = -1031. What is the hundreds digit of j?
3
Suppose 0 = -5*o + 25 - 10, 251 = 2*d + 3*o. What is the hundreds digit of d?
1
Let s(h) = -111*h + 139. What is the units digit of s(-8)?
7
What is the tens digit of 1 + (34 - -15)*60/7?
2
Let s(n) = -14*n + 5*n + 2 + n**2 + 0. Let w be s(12). Let f = -18 + w. What is the tens digit of f?
2
Let o(m) = m**3 - 8*m**2 + 5*m + 5. Let g = 14 - 5. What is the units digit of o(g)?
1
Suppose -17*d = -1135 - 6090. What is the tens digit of d?
2
Let w be (-18)/81 - (-4396)/18. Suppose 9*o = 847 - w. What is the tens digit of o?
6
Let r = 22 - 19. Let x(b) = 6*b**2 + 4*b - 6. What is the tens digit of x(r)?
6
Suppose 6 = 4*k - 14. Let s = k - 3. Suppose -4*b - 25 = -s*l - 69, -5*l = -4*b + 44. What is the units digit of b?
1
Suppose h - 4*k - 15 = 0, 4*h - 2*k - 27 + 9 = 0. Suppose h*a + 2*i - 155 = 0, -5*a + 4*i - 5*i + 249 = 0. What is the units digit of a?
9
Let l = -10 + 22. Suppose 0 = 5*d + n - 59 - 65, -d + l = -3*n. Suppose -2*j + d = -0*j. What is the units digit of j?
2
Let n = -2 + 293. What is the units digit of n?
1
Let n be (-125)/2 - (-8)/16. Let r = -26 - n. Let l = 19 + r. What is the units digit of l?
5
Let i = -116 + 121. Suppose 0 = -i*t + 7*t - 380. What is the hundreds digit of t?
1
Suppose 5 = n - 4. Suppose -4*z - 190 = -n*z. Suppose -w = -0*w - z. What is the units digit of w?
8
Suppose 5*o = -2*m + 1986, 2 - 6 = 2*m. What is the tens digit of o?
9
Let c(z) = z**3 - 6*z**2 + z - 6. Let q = -3 - -9. Let i be c(q). Suppose -5*p + 2*p + 78 = i. What is the tens digit of p?
2
Let x(q) = 968*q**2 - 34*q + 2. What is the thousands digit of x(2)?
3
What is the thousands digit of ((-32084)/(-104))/((-2)/(-20))?
3
Let v be (-9)/(-15) - 5796/35. Let r = v - -233. What is the units digit of r?
8
Let t = 726 + -648. What is the units digit of t?
8
Let x be (-1276)/(-20) - (-1)/5. Let j = x + -33. What is the units digit of j?
1
Suppose -2*m = -2*u - 1460, -3*m - 740 = -2*u - 2927. What is the hundreds digit of m?
7
Let r be 3/((-140)/(-46) - 3). Let j = r + -35. What is the units digit of j?
4
Suppose -17 = -6*f + 13. Suppose f*m + 16 - 151 = 0. What is the tens digit of m?
2
Let i be (-9)/(0 - -3) - -5. Suppose 3*g + 4*t - 16 = i*g, 0 = -4*g - t + 49. What is the tens digit of g?
1
Suppose p + 8*h - 532 = 5*h, -4*h = -4*p + 2176. What is the hundreds digit of p?
5
What is the hundreds digit of 1 - 220464/(-45) - (-1)/(-5)?
9
Suppose 3*y + 2*r - 3622 = 0, -4*r + 4 = -5*r. What is the units digit of y?
0
Suppose -105 = -3*m + 4*i - 33, 4*m = -4*i + 96. Let t be 7/(1 + 6/(-8)). Let l = t - m. What is the units digit of l?
4
Let a = 15 + -5. Let r be a/(-35) - 296/(-7). What is the tens digit of r/(1 + (-1)/(-2))?
2
Let o(q) = q + 8. Let i be o(8). Suppose i = 4*j, 2*j + 0*j = 4*g. What is the units digit of (g/6)/(4/12)?
1
Let b(g) = -9*g - 11. Suppose -2*c + 7 = 3, 4*i + c - 82 = 0. Suppose -3*q + 5 = i. What is the tens digit of b(q)?
3
Let c be (-3 + 3)*3/6. Suppose 3*h - 60 = -c*h. Suppose 2*w - 2*i - 56 = 0, 3*i - h = -2*i. What is the units digit of w?
2
Let i(d) = 80*d**2 - 19*d - 92. What is the thousands digit of i(-4)?
1
What is the tens digit of 3/(-2)*(-16 + -26)?
6
Let x(u) be the second derivative of u**4/6 + 3*u**3 - 7*u**2/2 - 29*u. What is the units digit of x(-15)?
3
Let h(q) = -19*q - 3. Suppose -5*b - 25 = 3*f + 2, 0 = 3*b - 2*f + 1. Let x be b - (1 - 0 - 2). What is the units digit of h(x)?
5
Let k be (-7 + 4)/((-3)/(-24)). Let z be ((-1)/(-3))/((-4)/(-24)). What is the tens digit of ((-5)/3)/(z/k)?
2
Let y = -74 - -103. Let h = y + -24. Suppose h*z + 4*o - 293 = 5*o, 5*z - 284 = -2*o. What is the tens digit of z?
5
Let p = -91 + 89. Let q(v) = 25*v**2 - 4. What is the tens digit of q(p)?
9
Let j(n) be the second derivative of -n**5/20 + n**4/12 - 5*n**3/6 - 5*n**2/2 + 19*n. What is the units digit of j(-3)?
6
Let m(p) = -3 - 63*p**2 - 9*p + 28 + 62*p**2. What is the units digit of m(-11)?
3
Suppose -2*n = 24 - 74. What is the tens digit of n?
2
Suppose -4*d - 35 = 29. Let n = 26 + d. Let c = 47 - n. What is the tens digit of c?
3
Let a(n) = 58*n**2 + 29*n + 12. What is the units digit of a(-7)?
1
Let r(y) = -y**3 + 10*y**2 + 4. Let k be r(9). Suppose 2*j = q + 6*j - k, 200 = 2*q - 2*j. Let i = q - 46. What is the tens digit of i?
5
Let g be (-4)/22 + -2 + 6/33. Suppose 2*j + 180 = 6*j. Let y = j - g. What is the units digit of y?
7
Suppose -3*q + 2*s = -4423, 4*q - 24*s - 5888 = -19*s. What is the tens digit of q?
7
Let p be (-8)/(-5)*5/2. Suppose -d = -p - 0. Let a = d - 1. What is the units digit of a?
3
Suppose 0 = 5*q + 3*b - 16, q - 8 = 2*b - 5*b. Suppose -2*i - 5*j + 72 = 2*i, -5 = -i + q*j. What is the units digit of i?
3
Suppose 2 = 2*n + 4. Let f be (n + 1)/(-15 - -11). Suppose f = -2*k + k - 5*g + 45, 2*k - 90 = -5*g. What is the units digit of k?
5
Let d = 501 + 1185. What is the units digit of d?
6
Let v = -1 + 5. Suppose -v*j + 90 = -7*j. Let n = j + 55. What is the units digit of n?
5
Let s be 25 + (-3 - (-3